{"id":9,"date":"2017-05-30T11:26:08","date_gmt":"2017-05-30T11:26:08","guid":{"rendered":"http:\/\/themes.zozothemes.com\/tranzlogistics\/?page_id=9"},"modified":"2024-11-06T12:04:54","modified_gmt":"2024-11-06T09:04:54","slug":"home","status":"publish","type":"page","link":"https:\/\/www.volantislogistics.com\/","title":{"rendered":"Anasayfa"},"content":{"rendered":"<section class=\"wpb-content-wrapper\"><p>[vc_row center_row=&#8221;yes&#8221;][vc_column width=&#8221;1\/2&#8243; offset=&#8221;vc_col-lg-3 vc_col-md-3&#8243;]<div class=\"zozo-feature-box feature-box-style style-info-box style-box-without-bg style-sep-no  clearfix\" id=\"feature-box-1\"><div class=\"grid-item\"><div class=\"grid-box-inner grid-text-center grid-box-image grid-shape-none\"><div class=\"grid-image-wrapper zozo-image-wrapper img-none img-size-small\"><img loading=\"lazy\" decoding=\"async\" width=\"64\" height=\"64\" src=\"https:\/\/www.volantislogistics.com\/wp-content\/uploads\/2017\/05\/ship.png\" class=\"img-none attachment-tranzlogistics-theme-mid\" alt=\"\" title=\"ship\" \/><\/div><a href=\"https:\/\/www.volantislogistics.com\/index.php\/hizmetler\/denizyolu-tasimaciligi\/\" title=\"Denizyolu Ta\u015f\u0131mac\u0131l\u0131\u011f\u0131\" target=\"_self\"><h3 class=\"grid-title-below grid-title text-center \" >Denizyolu<\/h3><\/a><div class=\"grid-desc\" ><p>Volantis, global network ba\u011flant\u0131lar\u0131 sayesinde bir noktadan d\u00fcnyan\u0131n herhangi bir noktas\u0131 aras\u0131ndaki her t\u00fcrl\u00fc denizyolu ta\u015f\u0131mac\u0131l\u0131\u011f\u0131 ihtiyac\u0131n\u0131z i\u00e7in zaman\u0131nda, uygun maliyetlerle, g\u00fcvenilir ve h\u0131zl\u0131 \u00e7\u00f6z\u00fcmler \u00fcretiyor.<\/p>\n<\/div><\/div><\/div><\/div>[\/vc_column][vc_column width=&#8221;1\/2&#8243; offset=&#8221;vc_col-lg-3 vc_col-md-3&#8243;]<div class=\"zozo-feature-box feature-box-style style-info-box style-box-without-bg style-sep-no  clearfix\" id=\"feature-box-2\"><div class=\"grid-item\"><div class=\"grid-box-inner grid-text-center grid-box-image grid-shape-none\"><div class=\"grid-image-wrapper zozo-image-wrapper img-none img-size-small\"><img loading=\"lazy\" decoding=\"async\" width=\"64\" height=\"64\" src=\"https:\/\/www.volantislogistics.com\/wp-content\/uploads\/2017\/05\/airplane.png\" class=\"img-none attachment-tranzlogistics-theme-mid\" alt=\"\" title=\"airplane\" \/><\/div><a href=\"https:\/\/www.volantislogistics.com\/index.php\/hizmetler\/havayolu-tasimaciligi\/\" title=\"Havayolu Ta\u015f\u0131mac\u0131l\u0131\u011f\u0131\" target=\"_self\"><h3 class=\"grid-title-below grid-title text-center \" >Havayolu<\/h3><\/a><div class=\"grid-desc\" ><p>Volantis uzman kadrosu ve yayg\u0131n uluslararas\u0131 servis a\u011f\u0131 sayesinde d\u00fcnyan\u0131n t\u00fcm havalimanlar\u0131 aras\u0131ndaki her t\u00fcrl\u00fc havayolu ta\u015f\u0131mac\u0131l\u0131\u011f\u0131 ihtiyac\u0131n\u0131z i\u00e7in h\u0131zl\u0131 \u00e7\u00f6z\u00fcmler \u00fcretiyor.<\/p>\n<\/div><\/div><\/div><\/div>[\/vc_column][vc_column width=&#8221;1\/2&#8243; offset=&#8221;vc_col-lg-3 vc_col-md-3&#8243;]<div class=\"zozo-feature-box feature-box-style style-info-box style-box-without-bg style-sep-no  clearfix\" id=\"feature-box-3\"><div class=\"grid-item\"><div class=\"grid-box-inner grid-text-center grid-box-image grid-shape-none\"><div class=\"grid-image-wrapper zozo-image-wrapper img-none img-size-small\"><img loading=\"lazy\" decoding=\"async\" width=\"56\" height=\"76\" src=\"https:\/\/www.volantislogistics.com\/wp-content\/uploads\/2022\/08\/4354-Donusturulmus.png\" class=\"img-none attachment-tranzlogistics-theme-mid\" alt=\"\" title=\"4354 [D\u00f6n\u00fc\u015ft\u00fcr\u00fclm\u00fc\u015f]\" \/><\/div><a href=\"https:\/\/www.volantislogistics.com\/index.php\/hizmetler\/demiryolu-tasimaciligi\/\" title=\"Demiryolu Ta\u015f\u0131mac\u0131l\u0131\u011f\u0131\" target=\"_self\"><h3 class=\"grid-title-below grid-title text-center \" >Proje Ta\u015f\u0131mac\u0131l\u0131\u011f\u0131<\/h3><\/a><div class=\"grid-desc\" ><p>Volantis, \u00f6zellikle a\u011f\u0131r, havaleli, hacimli (fazla uzun, fazla geni\u015f veya fazla y\u00fcksek) yani gabari d\u0131\u015f\u0131 \u00fcr\u00fcnlerin ta\u015f\u0131nmas\u0131 i\u00e7in m\u00fc\u015fteri ile ileti\u015fim halinde olarak riski s\u0131f\u0131ra indiren bir y\u00fckleme organizasyonu ger\u00e7ekle\u015ftirir.<\/p>\n<\/div><\/div><\/div><\/div>[\/vc_column][vc_column width=&#8221;1\/2&#8243; offset=&#8221;vc_col-lg-3 vc_col-md-3&#8243;]<div class=\"zozo-feature-box feature-box-style style-info-box style-box-without-bg style-sep-no  clearfix\" id=\"feature-box-4\"><div class=\"grid-item\"><div class=\"grid-box-inner grid-text-center grid-box-image grid-shape-none\"><div class=\"grid-image-wrapper zozo-image-wrapper img-none img-size-small\"><img loading=\"lazy\" decoding=\"async\" width=\"64\" height=\"64\" src=\"https:\/\/www.volantislogistics.com\/wp-content\/uploads\/2017\/05\/truck.png\" class=\"img-none attachment-tranzlogistics-theme-mid\" alt=\"\" title=\"truck\" \/><\/div><a href=\"https:\/\/www.volantislogistics.com\/index.php\/karayolu-tasimaciligi\/\" title=\"Karayolu Ta\u015f\u0131mac\u0131l\u0131\u011f\u0131\" target=\"_self\"><h3 class=\"grid-title-below grid-title text-center \" >Karayolu<\/h3><\/a><div class=\"grid-desc\" ><p>Volantis, Ortado\u011fu, Avrupa \u00fclkeleri, T\u00fcrkiye Cumhuriyetleri g\u00f6nderilerinizde her t\u00fcrl\u00fc ara\u00e7 tedari\u011fini sizlere sunup parsiyel ve full karayolu ta\u015f\u0131malar\u0131n\u0131z i\u00e7in \u00e7\u00f6z\u00fcm iletir.<\/p>\n<\/div><\/div><\/div><\/div>[\/vc_column][\/vc_row][vc_row center_row=&#8221;yes&#8221; typo_style=&#8221;light&#8221; bg_type=&#8221;image&#8221; parallax_style=&#8221;vcpb-vz-jquery&#8221; bg_image_new=&#8221;9337|http:\/\/zozothemes.com\/wp\/mist\/wp-content\/uploads\/2015\/08\/travel-bg1.jpg&#8221; enable_overlay=&#8221;enable_overlay_value&#8221; overlay_color=&#8221;rgba(0,0,0,0.5)&#8221; overlay_pattern=&#8221;transperant&#8221; seperator_enable=&#8221;seperator_enable_value&#8221; seperator_type=&#8221;xlarge_triangle_right_seperator&#8221; seperator_position=&#8221;bottom_seperator&#8221; seperator_svg_height=&#8221;65&#8243; css=&#8221;.vc_custom_1496236769322{background-image: url(http:\/\/themes.zozothemes.com\/tranzlogistics\/wp-content\/uploads\/sites\/14\/2017\/05\/on-road_bg.jpg?id=52) !important;background-position: center !important;background-repeat: no-repeat !important;background-size: cover !important;}&#8221;][vc_column][vc_row_inner][vc_column_inner width=&#8221;1\/2&#8243; offset=&#8221;vc_col-lg-3 vc_col-md-3&#8243;]<div class=\"zozo-feature-box feature-box-style style-default-box style-sep-yes  clearfix\" id=\"feature-box-5\"><div class=\"grid-item\"><div class=\"grid-box-inner grid-text-left grid-box-medium grid-box-icon-circle grid-icon-shape grid-shape-none\"><div class=\"grid-icon-wrapper no-hover shape-icon-circle\"><i class=\"simple-icon icon-trophy grid-icon zozo-icon icon-shape icon-circle icon-skin-default icon-bg pattern-1 icon-medium\"><\/i><\/div><div class=\"grid-content-wrapper\"><div class=\"grid-desc\" ><p>NETWORK \u00d6D\u00dcLLER\u0130<\/p>\n<\/div><\/div><\/div><\/div><\/div>[\/vc_column_inner][vc_column_inner width=&#8221;1\/2&#8243; offset=&#8221;vc_col-lg-3 vc_col-md-3&#8243;]<div class=\"zozo-feature-box feature-box-style style-default-box style-sep-yes  clearfix\" id=\"feature-box-6\"><div class=\"grid-item\"><div class=\"grid-box-inner grid-text-left grid-box-medium grid-box-icon-circle grid-icon-shape grid-shape-none\"><div class=\"grid-icon-wrapper no-hover shape-icon-circle\"><i class=\"simple-icon icon-users grid-icon zozo-icon icon-shape icon-circle icon-skin-default icon-bg pattern-1 icon-medium\"><\/i><\/div><div class=\"grid-content-wrapper\"><div class=\"grid-desc\" ><p>M\u00dc\u015eTER\u0130 MEMNUN\u0130YET\u0130<\/p>\n<\/div><\/div><\/div><\/div><\/div>[\/vc_column_inner][vc_column_inner width=&#8221;1\/2&#8243; offset=&#8221;vc_col-lg-3 vc_col-md-3&#8243;]<div class=\"zozo-feature-box feature-box-style style-default-box style-sep-yes  clearfix\" id=\"feature-box-7\"><div class=\"grid-item\"><div class=\"grid-box-inner grid-text-left grid-box-medium grid-box-icon-circle grid-icon-shape grid-shape-none\"><div class=\"grid-icon-wrapper no-hover shape-icon-circle\"><i class=\"simple-icon icon-user-follow grid-icon zozo-icon icon-shape icon-circle icon-skin-default icon-bg pattern-1 icon-medium\"><\/i><\/div><div class=\"grid-content-wrapper\"><div class=\"grid-desc\" ><p>TAKIM \u00c7ALI\u015eMASI<\/p>\n<\/div><\/div><\/div><\/div><\/div>[\/vc_column_inner][vc_column_inner width=&#8221;1\/2&#8243; offset=&#8221;vc_col-lg-3 vc_col-md-3&#8243;]<div class=\"zozo-feature-box feature-box-style style-default-box style-sep-yes  clearfix\" id=\"feature-box-8\"><div class=\"grid-item\"><div class=\"grid-box-inner grid-text-left grid-box-medium grid-box-icon-circle grid-icon-shape grid-shape-none\"><div class=\"grid-icon-wrapper no-hover shape-icon-circle\"><i class=\"simple-icon icon-flag grid-icon zozo-icon icon-shape icon-circle icon-skin-default icon-bg pattern-1 icon-medium\"><\/i><\/div><div class=\"grid-content-wrapper\"><div class=\"grid-desc\" ><p>UZMAN EK\u0130P<\/p>\n<\/div><\/div><\/div><\/div><\/div>[\/vc_column_inner][\/vc_row_inner][\/vc_column][\/vc_row][vc_row center_row=&#8221;yes&#8221; css=&#8221;.vc_custom_1623337543701{padding-bottom: 0px !important;}&#8221;][vc_column]<div class=\"zozo-parallax-header\"><div class=\"parallax-header content-style-default\"><h2 class=\"parallax-title\">Son Videolar<\/h2><\/div><\/div>[\/vc_column][\/vc_row][vc_row center_row=&#8221;yes&#8221; css=&#8221;.vc_custom_1623339136536{padding-top: 0px !important;}&#8221;][vc_column width=&#8221;1\/3&#8243;][vc_video link=&#8221;https:\/\/www.youtube.com\/watch?v=lDQyIXMw-i4&#8243;][\/vc_column][vc_column width=&#8221;1\/3&#8243; el_class=&#8221;text-center&#8221;][vc_video link=&#8221;https:\/\/www.youtube.com\/watch?v=KDbRgocUdwI&amp;t=9s&#8221;][vc_btn title=&#8221;T\u00fcm\u00fcn\u00fc G\u00f6r&#8221; link=&#8221;url:https%3A%2F%2Fwww.volantislogistics.com%2Findex.php%2Fmedya%2Fvolantis-tv%2F|title:Volantis%20TV&#8221;][\/vc_column][vc_column width=&#8221;1\/3&#8243;][vc_video link=&#8221;https:\/\/www.youtube.com\/watch?v=kQ7dPPP-n_w&#8221;][\/vc_column][\/vc_row][vc_row parallax=&#8221;content-moving&#8221; parallax_image=&#8221;217&#8243; parallax_speed_bg=&#8221;2.0&#8243; center_row=&#8221;yes&#8221; bg_overlay=&#8221;yes&#8221; typo_style=&#8221;light&#8221;][vc_column]<div class=\"zozo-feature-box feature-box-style style-default-box style-sep-no  clearfix\" id=\"feature-box-9\"><div class=\"grid-item\"><div class=\"grid-box-inner grid-text-center grid-box-image grid-shape-none\"><h2 class=\"grid-title-below grid-title \" >Lojistik \u0130htiya\u00e7lar\u0131n\u0131z \u0130\u00e7in Bizimle \u0130leti\u015fme Ge\u00e7in<\/h2><div class=\"grid-desc\" ><p>Kendine \u00f6zg\u00fc lojistik yaz\u0131l\u0131m\u0131m\u0131zla, etkili ileti\u015fim a\u011f\u0131m\u0131zla, profesyonel ve \u00e7\u00f6z\u00fcm odakl\u0131 ekibimizle hizmetinize haz\u0131r\u0131z.<\/p>\n<\/div><\/div><\/div><\/div>[vc_btn title=&#8221;\u0130leti\u015fim&#8221; align=&#8221;center&#8221; link=&#8221;url:https%3A%2F%2Fwww.volantislogistics.com%2Findex.php%2Filetisim%2F|title:%C4%B0leti%C5%9Fim&#8221;][\/vc_column][\/vc_row][vc_row center_row=&#8221;yes&#8221;][vc_column]<div class=\"zozo-parallax-header\"><div class=\"parallax-header content-style-default\"><h2 class=\"parallax-title\">Network \u00dcyelikleri<\/h2><\/div><\/div><div class=\"zozo-client-slider-wrapper client-columns-4 style-default\"><div id=\"zozo-client-grid-1\" class=\"zozo-client-grid\"><div class=\"client-item col-md-3 col-sm-4 col-xs-12\"><img loading=\"lazy\" decoding=\"async\" width=\"250\" height=\"150\" src=\"https:\/\/www.volantislogistics.com\/wp-content\/uploads\/2021\/06\/ALNA-250.png\" class=\"attachment-full\" alt=\"\" title=\"ALNA-250\" \/><\/div><div class=\"client-item col-md-3 col-sm-4 col-xs-12\"><img loading=\"lazy\" decoding=\"async\" width=\"250\" height=\"150\" src=\"https:\/\/www.volantislogistics.com\/wp-content\/uploads\/2021\/06\/UFO-250.png\" class=\"attachment-full\" alt=\"\" title=\"UFO-250\" \/><\/div><div class=\"client-item col-md-3 col-sm-4 col-xs-12\"><img loading=\"lazy\" decoding=\"async\" width=\"250\" height=\"150\" src=\"https:\/\/www.volantislogistics.com\/wp-content\/uploads\/2021\/06\/DTO-250.png\" class=\"attachment-full\" alt=\"\" title=\"DTO-250\" \/><\/div><div class=\"client-item col-md-3 col-sm-4 col-xs-12\"><img loading=\"lazy\" decoding=\"async\" width=\"250\" height=\"150\" src=\"https:\/\/www.volantislogistics.com\/wp-content\/uploads\/2021\/06\/WCA-250.png\" class=\"attachment-full\" alt=\"\" title=\"WCA-250\" \/><\/div><\/div><\/div>[\/vc_column][\/vc_row]<\/p>\n<\/section>","protected":false},"excerpt":{"rendered":"<p>[vc_row center_row=&#8221;yes&#8221;][vc_column width=&#8221;1\/2&#8243; offset=&#8221;vc_col-lg-3 vc_col-md-3&#8243;][\/vc_column][vc_column width=&#8221;1\/2&#8243; offset=&#8221;vc_col-lg-3 vc_col-md-3&#8243;][\/vc_column][vc_column width=&#8221;1\/2&#8243; offset=&#8221;vc_col-lg-3 vc_col-md-3&#8243;][\/vc_column][vc_column width=&#8221;1\/2&#8243; offset=&#8221;vc_col-lg-3 vc_col-md-3&#8243;][\/vc_column][\/vc_row][vc_row center_row=&#8221;yes&#8221; typo_style=&#8221;light&#8221; bg_type=&#8221;image&#8221; parallax_style=&#8221;vcpb-vz-jquery&#8221; bg_image_new=&#8221;9337|http:\/\/zozothemes.com\/wp\/mist\/wp-content\/uploads\/2015\/08\/travel-bg1.jpg&#8221; enable_overlay=&#8221;enable_overlay_value&#8221; overlay_color=&#8221;rgba(0,0,0,0.5)&#8221; overlay_pattern=&#8221;transperant&#8221; seperator_enable=&#8221;seperator_enable_value&#8221; seperator_type=&#8221;xlarge_triangle_right_seperator&#8221; seperator_position=&#8221;bottom_seperator&#8221; seperator_svg_height=&#8221;65&#8243; css=&#8221;.vc_custom_1496236769322{background-image: url(http:\/\/themes.zozothemes.com\/tranzlogistics\/wp-content\/uploads\/sites\/14\/2017\/05\/on-road_bg.jpg?id=52) !important;background-position: center !important;background-repeat: no-repeat !important;background-size: cover !important;}&#8221;][vc_column][vc_row_inner][vc_column_inner width=&#8221;1\/2&#8243; offset=&#8221;vc_col-lg-3 vc_col-md-3&#8243;][\/vc_column_inner][vc_column_inner width=&#8221;1\/2&#8243; offset=&#8221;vc_col-lg-3 vc_col-md-3&#8243;][\/vc_column_inner][vc_column_inner width=&#8221;1\/2&#8243; offset=&#8221;vc_col-lg-3 vc_col-md-3&#8243;][\/vc_column_inner][vc_column_inner width=&#8221;1\/2&#8243; offset=&#8221;vc_col-lg-3 vc_col-md-3&#8243;][\/vc_column_inner][\/vc_row_inner][\/vc_column][\/vc_row][vc_row center_row=&#8221;yes&#8221; css=&#8221;.vc_custom_1623337543701{padding-bottom: 0px !important;}&#8221;][vc_column][\/vc_column][\/vc_row][vc_row center_row=&#8221;yes&#8221; css=&#8221;.vc_custom_1623339136536{padding-top: 0px !important;}&#8221;][vc_column width=&#8221;1\/3&#8243;][vc_video link=&#8221;https:\/\/www.youtube.com\/watch?v=lDQyIXMw-i4&#8243;][\/vc_column][vc_column width=&#8221;1\/3&#8243; el_class=&#8221;text-center&#8221;][vc_video link=&#8221;https:\/\/www.youtube.com\/watch?v=KDbRgocUdwI&amp;t=9s&#8221;][vc_btn&#8230;<\/p>\n","protected":false},"author":1,"featured_media":0,"parent":0,"menu_order":0,"comment_status":"closed","ping_status":"closed","template":"template-fullwidth.php","meta":{"ngg_post_thumbnail":0,"footnotes":""},"_links":{"self":[{"href":"https:\/\/www.volantislogistics.com\/index.php\/wp-json\/wp\/v2\/pages\/9"}],"collection":[{"href":"https:\/\/www.volantislogistics.com\/index.php\/wp-json\/wp\/v2\/pages"}],"about":[{"href":"https:\/\/www.volantislogistics.com\/index.php\/wp-json\/wp\/v2\/types\/page"}],"author":[{"embeddable":true,"href":"https:\/\/www.volantislogistics.com\/index.php\/wp-json\/wp\/v2\/users\/1"}],"replies":[{"embeddable":true,"href":"https:\/\/www.volantislogistics.com\/index.php\/wp-json\/wp\/v2\/comments?post=9"}],"version-history":[{"count":27,"href":"https:\/\/www.volantislogistics.com\/index.php\/wp-json\/wp\/v2\/pages\/9\/revisions"}],"predecessor-version":[{"id":3263,"href":"https:\/\/www.volantislogistics.com\/index.php\/wp-json\/wp\/v2\/pages\/9\/revisions\/3263"}],"wp:attachment":[{"href":"https:\/\/www.volantislogistics.com\/index.php\/wp-json\/wp\/v2\/media?parent=9"}],"curies":[{"name":"wp","href":"https:\/\/api.w.org\/{rel}","templated":true}]}}