{"id":2310,"date":"2021-06-07T17:40:27","date_gmt":"2021-06-07T14:40:27","guid":{"rendered":"https:\/\/www.volantislogistics.com\/?page_id=2310"},"modified":"2021-06-07T18:01:47","modified_gmt":"2021-06-07T15:01:47","slug":"lashing-branda","status":"publish","type":"page","link":"https:\/\/www.volantislogistics.com\/index.php\/hizmetler\/lashing-branda\/","title":{"rendered":"Lashing &#038; Branda"},"content":{"rendered":"<section class=\"wpb-content-wrapper\"><p>[vc_row][vc_column]<div class=\"zozo-parallax-header\"><div class=\"parallax-header content-style-default\"><h2 class=\"parallax-title text-left\">LASHING &amp; BRANDA<\/h2><div class=\"parallax-desc default-style text-left\"><p>Volantis, y\u00fcklemenin halatlar, tahta takozlar, \u00e7elik kablolar, yay\u0131c\u0131 y\u00fck platformlar\u0131 vb. sabitleme ekipmanlar\u0131 ile desteklenerek zarars\u0131z ve risksiz \u015fekilde ta\u015f\u0131nmas\u0131n\u0131 sa\u011flayan bir organizasyon hizmeti sunar. Ayr\u0131ca \u00fcst\u00fc a\u00e7\u0131k y\u00fcklemelerin, hava durumundan, nemden ve di\u011fer olumsuz ko\u015fullardan etkilenmemesi i\u00e7in \u00f6zel kesim branda hizmetini de sizlere sunar.<\/p>\n<\/div><\/div><\/div>[\/vc_column][\/vc_row]<\/p>\n<\/section>","protected":false},"excerpt":{"rendered":"<p>[vc_row][vc_column][\/vc_column][\/vc_row]<\/p>\n","protected":false},"author":1,"featured_media":0,"parent":2178,"menu_order":0,"comment_status":"closed","ping_status":"closed","template":"","meta":{"ngg_post_thumbnail":0,"footnotes":""},"_links":{"self":[{"href":"https:\/\/www.volantislogistics.com\/index.php\/wp-json\/wp\/v2\/pages\/2310"}],"collection":[{"href":"https:\/\/www.volantislogistics.com\/index.php\/wp-json\/wp\/v2\/pages"}],"about":[{"href":"https:\/\/www.volantislogistics.com\/index.php\/wp-json\/wp\/v2\/types\/page"}],"author":[{"embeddable":true,"href":"https:\/\/www.volantislogistics.com\/index.php\/wp-json\/wp\/v2\/users\/1"}],"replies":[{"embeddable":true,"href":"https:\/\/www.volantislogistics.com\/index.php\/wp-json\/wp\/v2\/comments?post=2310"}],"version-history":[{"count":2,"href":"https:\/\/www.volantislogistics.com\/index.php\/wp-json\/wp\/v2\/pages\/2310\/revisions"}],"predecessor-version":[{"id":2331,"href":"https:\/\/www.volantislogistics.com\/index.php\/wp-json\/wp\/v2\/pages\/2310\/revisions\/2331"}],"up":[{"embeddable":true,"href":"https:\/\/www.volantislogistics.com\/index.php\/wp-json\/wp\/v2\/pages\/2178"}],"wp:attachment":[{"href":"https:\/\/www.volantislogistics.com\/index.php\/wp-json\/wp\/v2\/media?parent=2310"}],"curies":[{"name":"wp","href":"https:\/\/api.w.org\/{rel}","templated":true}]}}